- -138. Suppose 2*m = s - h, s - 15 = -4*m + 7. What are the prime factors of s?
2, 3, 7
Let v(j) = -14*j - 1. Suppose 0 = 2*u + 2*u + 2*o, -3*o = -4*u + 10. Let f be v(u). Let g = 18 + f. List the prime factors of g.
3
Let p = 1291 - 2636. What are the prime factors of 2/12 + p/(-30)?
3, 5
Suppose -3*t + 3844 = 5*v, -2*v = 3*t - 6*t - 1546. Let h be (-2)/(-3) - v/(-6). What are the prime factors of (10/15)/(2/h)?
43
Let l = 88 - 84. Suppose 3 = l*o - 25. What are the prime factors of o?
7
Let f(r) = -r**3 - 18*r**2 - 27*r - 28. List the prime factors of f(-19).
2, 3, 47
Suppose 608 = 2*q - 5*t, 5*t = -3*q + 298 + 589. What are the prime factors of q?
13, 23
Let o(c) = 1 + 19*c - 52*c - 18*c + 2. Let d be o(-3). List the prime factors of (d/(-8) - -1)*-2.
37
Suppose 116*g - 118*g = -732. What are the prime factors of g?
2, 3, 61
Let g be ((0/(-1))/3)/2. Suppose g = -0*c + 4*c - 132. List the prime factors of c*(-2)/(-1 + -5).
11
Let m(r) = 5*r**2 + 9*r - 7. Let q be m(7). Suppose q - 949 = -6*x. List the prime factors of x.
2, 3
Let l(d) = -d**3 - d**2 + d + 2. Let s = -21 - -21. Let a be l(s). Suppose -a*f - 3*f = -195. What are the prime factors of f?
3, 13
Let k be 23*(-3 - -3 - -1). Suppose -4 - 5 = -3*w. Suppose -w*i = -2*i - k. List the prime factors of i.
23
Suppose -2*l + l = 2*x - 309, -2*x + 3*l = -305. Suppose 0*g + 2*g - 37 = -f, -2*g = -2*f - 52. List the prime factors of x/g*3/1.
2, 11
Let f = 134 + -132. Let h = -2 + 57. Suppose h = 3*l - u, f*l = -0*u - 5*u + 48. What are the prime factors of l?
19
Let i = 4957 - 3515. What are the prime factors of i?
2, 7, 103
Suppose 4*k + 12 = 0, -10*k + 15*k = -5*u + 1665. What are the prime factors of u?
2, 3, 7
Let p(x) = 55*x**3 - 3*x**2 - 4*x + 12. What are the prime factors of p(3)?
2, 3
Let q = -730 + 2187. What are the prime factors of q?
31, 47
Suppose 4*s - 64 + 4 = 0. Let q = 3 + -6. List the prime factors of (q - -6) + s*4.
3, 7
Let q = -31 - -4. What are the prime factors of (q/(-6))/((-5)/(-50))?
3, 5
Let i(u) = -12*u**2. Let m be i(-1). Let p be m/(-4) + 0 + -9. Let c(v) = -v + 11. What are the prime factors of c(p)?
17
Let b(u) = -u. Let v be b(-16). Suppose -5*d = 3*t - 494, -t + 160 = -4*d - v. Suppose 6*h - t = -18. What are the prime factors of h?
5
Let p = 42 + -53. Let m = 6 - p. What are the prime factors of m?
17
Let w(y) = y**3 - 10*y**2 - 24*y + 2. Let r be w(12). Suppose 5*l + r*f = 80, 67 = 3*l + 7*f - 2*f. List the prime factors of l.
2, 7
Let t = -6437 - -9269. What are the prime factors of t?
2, 3, 59
Suppose -112 = 4*c - 1116. What are the prime factors of c?
251
Let h(t) = 3*t + 6. Suppose 22 = -4*m + 6. Let q be h(m). Let g(s) = 2*s**2 + 10*s + 10. What are the prime factors of g(q)?
2, 11
Suppose 1187 = 32*a - 125. What are the prime factors of a?
41
Let f(k) = -29*k + 945. What are the prime factors of f(0)?
3, 5, 7
Let n = -1 + 3. Suppose -204 = -q - n*q. Suppose -5*z = s - 190, -2*z = -5*s - 35 - q. List the prime factors of z.
3, 13
Let n = 26 - 49. Let c(b) = -b**2 - 31*b + 48. What are the prime factors of c(n)?
2, 29
Let k(x) = 2*x**2 - 11*x - 3. Let i(l) = -l**2 + 6*l + 2. Let o(q) = -5*i(q) - 2*k(q). Let u be o(-6). Suppose z - u = -z. List the prime factors of z.
2, 5
Let x(h) = 2*h**2 - 34*h + 7. What are the prime factors of x(-14)?
5, 7
Let f(q) = q**3 + 12*q**2 + 2*q - 17. Let y be f(-12). Let d = -10 - y. List the prime factors of d.
31
Let k be -4*3/(-24)*0. Suppose 8*f - 5*f - 63 = k. What are the prime factors of (14/f)/((-2)/(-222))?
2, 37
Let h(v) = v**3 - 14*v**2 + 12*v + 1. Let k be h(13). Let u = k + 6. Let f = 41 - u. List the prime factors of f.
47
Let o(t) = 128*t**2 - 13*t - 6. List the prime factors of o(-5).
3259
Let z(g) = 6*g - 3 - 26*g - 14*g**3 + 13*g + 8*g + 4*g**2. What are the prime factors of z(-2)?
3, 41
Let j(a) = 11*a + 4. Let x be j(4). Let g(m) = -7*m - 1. Let t be g(4). Let d = t + x. What are the prime factors of d?
19
Let l(b) = 11*b - 11. Let p be 2 - 8/(-3 + 1). List the prime factors of l(p).
5, 11
Let x(o) = -9*o**3 + 13*o**2 + 9*o + 13. What are the prime factors of x(-5)?
2, 709
Let h be -2*20 + (9 - 9). What are the prime factors of (-2 + 4)/((-2)/h)?
2, 5
Let x = 536 - 265. What are the prime factors of x?
271
List the prime factors of 146/(5*(-4)/(-10)).
73
Let b(t) be the third derivative of -t**4/24 - 14*t**3/3 - 2*t**2. Let u be b(-12). Let w = u - -24. List the prime factors of w.
2
Let x = 1095 - -421. What are the prime factors of x?
2, 379
List the prime factors of -22926*7/(-77) - 4/22.
2, 521
Suppose 2*q - 60 = -2*q. Suppose -6 = -2*b - 2*f, -3*f - q = -5*b + f. List the prime factors of b.
3
Let a(s) = -10*s + 21. Let f be a(-4). Let p = 112 - f. What are the prime factors of p?
3, 17
Let g = 20 + -17. Let i(l) = -7*l**2 + l**g - 3*l**2 - 9 + 10*l + 4*l**2 + 3. List the prime factors of i(4).
2
Suppose n - 1980 = -5*k + 424, 0 = -5*k + 5. What are the prime factors of n?
2399
Let v(p) = 310*p**2 + 7*p - 8. Let c be v(4). What are the prime factors of c/25 - 4/(-5)?
2, 5
Let w = 165 - -183. List the prime factors of w.
2, 3, 29
Suppose 2*j + 8 = -4*o, 0*j - 2*j - 2*o - 4 = 0. Let c = 2 - j. Suppose -c*p + 62 = 3*x - 0*x, -2*p + 38 = 2*x. What are the prime factors of x?
2, 3
Let f(b) = -3*b**2 - 35*b - 26. Let r be f(-11). List the prime factors of 6/r*(4 + -3 + -113).
2, 3, 7
Let u(h) = -h**3 - h**2 + 2*h + 21. Let j be u(0). Let d = 33 - j. List the prime factors of d.
2, 3
Suppose 17*f = 22*f - 3785. List the prime factors of f.
757
Let l be (5/(-10))/(4/(-120)*3). Suppose 0 = 5*b - 6*c + 3*c - 177, l*c = -4*b + 112. List the prime factors of b.
3, 11
Let c = 747 - 532. Suppose 12*v - 7*v = c. List the prime factors of v.
43
Suppose 0 = 4*f - 7*f + 3, i - 6 = f. Suppose -i*q + 3*q + 208 = 0. List the prime factors of q.
2, 13
Suppose -49*f = -38*f - 4334. List the prime factors of f.
2, 197
Let w = -85 + 194. What are the prime factors of w?
109
Suppose -7*v + 3*v - 2*z = -1610, 0 = z + 3. List the prime factors of v.
2, 101
Suppose -75 = -5*g - 0*g. Let s(y) = y**2 - 11*y + 5. What are the prime factors of s(g)?
5, 13
Suppose -249 + 69 = -5*p + 4*n, n = -5*p + 180. Suppose 5*v + 6 = p. Suppose 0 = -3*r + v*r - 27. List the prime factors of r.
3
Suppose 7*y = 3*y + 56. Suppose 3*g = v - 9, 2*v - 6*g + 2*g - y = 0. List the prime factors of 2*(v + (3 - -12)).
2, 3
Suppose 5*p - 4 = 3*p. Suppose -35 = -2*y + 57. Suppose -p*h + y = 4. List the prime factors of h.
3, 7
Suppose -t + 0*t = -2*t. Suppose t = 4*y + m - 397, 5*y - 117 = -4*m + 393. List the prime factors of y.
2, 7
Let q = 152 - 316. List the prime factors of q*(7 - 4)/(-6).
2, 41
Suppose -4*g + 353 = -4*x - 95, -2*x - 334 = -3*g. What are the prime factors of g?
2, 5, 11
Let i(k) = 27*k + 13. Let t be i(5). Suppose f = t + 148. List the prime factors of f.
2, 37
Let m = 1927 - 728. List the prime factors of m.
11, 109
Let f(q) = 21*q + 36. Let b be f(17). Suppose -7*s + 55 + b = 0. List the prime factors of s.
2
Let b(h) = -26*h + 6. Let z(s) = s - 1. Let r(l) = b(l) + 4*z(l). Let u be r(-2). Suppose -3*a + 68 = -u. List the prime factors of a.
2, 19
Let z(m) = 2*m**2 + 2*m + 6. Let r be z(7). Suppose -117*a = -r*a + 15. What are the prime factors of a?
3, 5
What are the prime factors of ((-31)/(-62))/(2/2952)?
2, 3, 41
Let u = -859 + 1235. What are the prime factors of u?
2, 47
Let i = 7 + -6. Let j be 12*(-10)/(-4)*i. Let b = 59 - j. List the prime factors of b.
29
Let u = 3396 + -1962. What are the prime factors of u?
2, 3, 239
Let b(p) = -p**2 - 5*p + 5. Let t = 0 + 5. Suppose 3*k + 2*k - t*n = -10, 0 = 5*n + 15. What are the prime factors of b(k)?
5
Let t be (5 - 1) + (-4 - -3). Suppose -2*f - 169 = 4*v - 807, t*f = -v + 162. Suppose o - 4*o - 4*l + 77 = 0, -5*o + l + v = 0. List the prime factors of o.
31
Let f be (-99)/(-44) - (-2)/(-8). Suppose -k + 110 = 2*k + f*c, k + 3*c - 46 = 0. Suppose 2 = -2*v + k. List the prime factors of v.
2
Let d(p) = -20*p**3 - 5*p**2 - 4*p + 1. Let s = -86 + 84. List the prime factors of d(s).
149
Let u be (-1)/5 + 52/10. Suppose -4*c - u*g + 22 = -2*c, -c = -4*g + 15. What are the prime factors of 6/c - (-2 - -1)?
7
Let q(s) = -2*s**3 - 13*s**2 - 22*s + 234. List the prime factors of q(-16